
21
Calculate the highest common divisor of 575 and 457235975.
575
What is the greatest common factor of 7813692 and 4686?
426
What is the greatest common divisor of 607928 and 11200?
8
Calculate the greatest common divisor of 165 and 41905875.
165
Calculate the greatest common factor of 83541264 and 74.
74
Calculate the greatest common divisor of 3530576 and 580.
116
What is the greatest common factor of 7590 and 365204994?
1518
What is the highest common divisor of 421911 and 52836?
777
Calculate the greatest common factor of 1086632 and 59.
1
What is the greatest common divisor of 20 and 126794700?
20
What is the highest common divisor of 61937434 and 292?
146
What is the greatest common divisor of 2262 and 1421654?
26
Calculate the highest common divisor of 40 and 186658616.
8
Calculate the highest common factor of 276 and 1203348.
12
Calculate the greatest common divisor of 2825519 and 544.
17
Calculate the greatest common divisor of 4618218 and 71643.
5511
What is the highest common divisor of 29640 and 234409080?
2280
What is the highest common factor of 4240 and 7407824?
16
What is the greatest common divisor of 111657 and 41810025?
1227
Calculate the highest common divisor of 4573 and 955488.
269
What is the highest common factor of 5306026 and 44?
22
What is the greatest common divisor of 424982780 and 4580?
4580
What is the highest common divisor of 1645492 and 28684?
404
Calculate the highest common divisor of 3486 and 411600.
42
Calculate the highest common divisor of 230560 and 28710.
110
What is the highest common divisor of 466843 and 3029?
13
What is the highest common factor of 414 and 13350534?
138
What is the greatest common divisor of 23800934 and 326?
326
What is the highest common divisor of 1800 and 419605?
5
What is the highest common divisor of 1488 and 6084587?
31
What is the greatest common divisor of 3912986 and 4466?
154
Calculate the greatest common divisor of 4455 and 1124280.
405
Calculate the highest common divisor of 2970 and 176770.
110
What is the greatest common divisor of 52179303 and 231?
33
Calculate the highest common factor of 6555451 and 56.
7
What is the greatest common divisor of 16 and 28916528?
16
Calculate the highest common divisor of 48312997 and 289.
289
What is the greatest common factor of 2052 and 653847?
57
What is the highest common factor of 17554720 and 160?
160
Calculate the greatest common factor of 6136 and 65776386.
1534
Calculate the greatest common factor of 82239276 and 1148.
1148
Calculate the greatest common factor of 2004926 and 5615344.
3878
Calculate the highest common divisor of 691376 and 117824.
112
Calculate the highest common divisor of 872055750 and 15.
15
What is the highest common factor of 1562 and 9532886?
1562
Calculate the greatest common factor of 441 and 220884363.
63
Calculate the greatest common factor of 9057 and 167865457.
3019
What is the greatest common divisor of 22 and 116551721?
11
What is the highest common divisor of 56 and 15772932?
28
What is the highest common factor of 5712 and 17547740?
476
What is the highest common divisor of 1955 and 12927633?
391
What is the greatest common divisor of 1939 and 79380721?
1939
Calculate the greatest common divisor of 681394918 and 68.
34
Calculate the highest common divisor of 4474685 and 116945.
6155
Calculate the greatest common divisor of 67977 and 3566095.
1079
Calculate the highest common factor of 6995 and 21300.
5
What is the highest common factor of 820 and 13040255?
205
Calculate the highest common factor of 6467942 and 3952.
494
Calculate the highest common factor of 10073415 and 20.
5
What is the greatest common factor of 41429 and 28169?
17
What is the greatest common factor of 342208 and 44224?
64
What is the highest common factor of 42 and 996681?
21
What is the greatest common factor of 11478 and 2682026?
3826
What is the greatest common factor of 63 and 36936387?
9
What is the greatest common factor of 4072320 and 704?
64
Calculate the highest common divisor of 5150353 and 1157.
13
Calculate the greatest common divisor of 11228511 and 22197.
3171
Calculate the greatest common factor of 69133813 and 217.
217
What is the greatest common factor of 17654 and 3749438?
1358
What is the greatest common factor of 22739368 and 775?
31
What is the highest common factor of 32571278 and 206?
206
Calculate the greatest common divisor of 109681 and 7631195.
1859
Calculate the greatest common factor of 2936190 and 25220.
970
Calculate the highest common divisor of 1275 and 11851.
1
What is the greatest common divisor of 2587012 and 492032?
3844
Calculate the highest common divisor of 606916 and 162.
2
Calculate the greatest common factor of 196992 and 18920448.
1152
What is the greatest common divisor of 4666749 and 2985?
597
Calculate the highest common factor of 1626 and 15954.
6
Calculate the highest common divisor of 544 and 5352076.
68
What is the highest common divisor of 5 and 303141575?
5
What is the highest common divisor of 619742 and 55366?
1786
What is the highest common factor of 81016 and 51906328?
6232
What is the highest common factor of 24 and 89529320?
8
Calculate the highest common factor of 603 and 2962539.
603
What is the highest common factor of 28902805 and 2359?
337
What is the greatest common factor of 196764885 and 1035?
1035
What is the greatest common factor of 2097 and 42469143?
699
Calculate the greatest common factor of 4483780 and 280.
140
What is the greatest common divisor of 3898 and 50937115?
1949
Calculate the greatest common divisor of 259846032 and 4176.
1392
What is the greatest common factor of 243087740 and 237?
79
Calculate the greatest common divisor of 146114 and 329606.
3398
What is the highest common divisor of 71960 and 3445342?
514
Calculate the greatest common divisor of 847241 and 139405.
569
What is the highest common factor of 213024684 and 93?
93
Calculate the greatest common factor of 18 and 65130246.
18
Calculate the highest common factor of 5344 and 1843346.
334
What is the greatest common factor of 2486871 and 2358?
9
Calculate the greatest common divisor of 4505 and 759985.
85
What is the greatest common divisor of 23343 and 120440844?
753
Calculate the greatest common divisor of 957749 and 1.
1
What is the greatest common factor of 13 and 1240345951?
13
Calculate the highest common factor of 95 and 81702736.
19
What is the greatest common divisor of 565 and 70795856?
113
What is the greatest common divisor of 339 and 164732982?
339
Calculate the highest common factor of 4 and 38537446.
2
What is the greatest common divisor of 30 and 24686565?
15
Calculate the greatest common factor of 13361580 and 72.
36
Calculate the greatest common divisor of 468030 and 44160.
30
Calculate the greatest common divisor of 33466 and 8032994.
1154
Calculate the highest common divisor of 7617303 and 40912.
2557
What is the highest common divisor of 76574655 and 315?
45
What is the highest common factor of 168926858 and 19941?
6647
What is the greatest common factor of 45839 and 1863?
23
Calculate the greatest common divisor of 28602 and 106893846.
4086
What is the highest common divisor of 6211306 and 18906?
274
Calculate the highest common factor of 137604 and 212.
4
Calculate the greatest common divisor of 25609442 and 138.
46
Calculate the greatest common divisor of 94 and 32506610.
94
What is the highest common factor of 126270 and 400798?
46
Calculate the greatest common factor of 157806264 and 2352.
1176
Calculate the highest common factor of 170820 and 1560.
780
What is the greatest common divisor of 4691505 and 87360?
1365
What is the greatest common divisor of 45 and 207525825?
45
What is the highest common factor of 6594650 and 950?
50
Calculate the greatest common divisor of 190 and 594066730.
190
Calculate the highest common divisor of 76 and 442054.
38
Calculate the greatest common factor of 2448 and 487224.
72
Calculate the highest common divisor of 477470648 and 8454.
2818
What is the highest common divisor of 124268 and 33050?
1322
Calculate the greatest common divisor of 20257 and 76093.
47
Calculate the greatest common factor of 1892 and 33419342.
946
Calculate the highest common divisor of 10893760 and 295.
295
What is the greatest common factor